{"id":970,"date":"2019-07-26T21:41:34","date_gmt":"2019-07-26T20:41:34","guid":{"rendered":"https:\/\/www.baerenfunk.de\/?post_type=tribe_events&#038;p=970"},"modified":"2019-07-26T21:41:34","modified_gmt":"2019-07-26T20:41:34","slug":"ov-abend-5","status":"publish","type":"tribe_events","link":"https:\/\/www.baerenfunk.de\/index.php\/event\/ov-abend-5\/","title":{"rendered":"OV-Abend"},"content":{"rendered":"<p>Themen wird es viele geben &#8211; Wir werden etwas \u00fcber die AREDN (Amateur Radio Emergency Digital Network) und die ersten erfolgreichen Eins\u00e4tze dieser Technik beim ASB h\u00f6ren &#8211; ferner haben sich\u00a0 \u00fcber den Sommer viele Ideen ergeben, am Wochenende nach dem OV-Abend ist Maker-Faire, Anfang September Treffen am Doktorsee und es gilt die Herbstsaison zu planen. &#8230; Vieles was wir besprechen und planen k\u00f6nnen.<\/p>\n","protected":false},"excerpt":{"rendered":"<p>Themen wird es viele geben &#8211; Wir werden etwas \u00fcber die AREDN (Amateur Radio Emergency Digital Network) und die ersten erfolgreichen Eins\u00e4tze dieser Technik beim ASB h\u00f6ren &#8211; ferner haben &hellip; <\/p>\n<p class=\"link-more\"><a href=\"https:\/\/www.baerenfunk.de\/index.php\/event\/ov-abend-5\/\" class=\"more-link\"><span class=\"screen-reader-text\">\u201eOV-Abend\u201c<\/span> weiterlesen<\/a><\/p>\n","protected":false},"author":1,"featured_media":0,"comment_status":"closed","ping_status":"closed","template":"","meta":{"_tribe_events_status":"","_tribe_events_status_reason":""},"tags":[73,42],"tribe_events_cat":[],"_links":{"self":[{"href":"https:\/\/www.baerenfunk.de\/index.php\/wp-json\/wp\/v2\/tribe_events\/970"}],"collection":[{"href":"https:\/\/www.baerenfunk.de\/index.php\/wp-json\/wp\/v2\/tribe_events"}],"about":[{"href":"https:\/\/www.baerenfunk.de\/index.php\/wp-json\/wp\/v2\/types\/tribe_events"}],"author":[{"embeddable":true,"href":"https:\/\/www.baerenfunk.de\/index.php\/wp-json\/wp\/v2\/users\/1"}],"replies":[{"embeddable":true,"href":"https:\/\/www.baerenfunk.de\/index.php\/wp-json\/wp\/v2\/comments?post=970"}],"version-history":[{"count":1,"href":"https:\/\/www.baerenfunk.de\/index.php\/wp-json\/wp\/v2\/tribe_events\/970\/revisions"}],"predecessor-version":[{"id":971,"href":"https:\/\/www.baerenfunk.de\/index.php\/wp-json\/wp\/v2\/tribe_events\/970\/revisions\/971"}],"wp:attachment":[{"href":"https:\/\/www.baerenfunk.de\/index.php\/wp-json\/wp\/v2\/media?parent=970"}],"wp:term":[{"taxonomy":"post_tag","embeddable":true,"href":"https:\/\/www.baerenfunk.de\/index.php\/wp-json\/wp\/v2\/tags?post=970"},{"taxonomy":"tribe_events_cat","embeddable":true,"href":"https:\/\/www.baerenfunk.de\/index.php\/wp-json\/wp\/v2\/tribe_events_cat?post=970"}],"curies":[{"name":"wp","href":"https:\/\/api.w.org\/{rel}","templated":true}]}}

<p>Themen wird es viele geben &#8211; Wir werden etwas über die AREDN (Amateur Radio Emergency Digital Network) und die ersten erfolgreichen Einsätze dieser Technik beim ASB hören &#8211; ferner haben sich  über den Sommer viele Ideen ergeben, am Wochenende nach dem OV-Abend ist Maker-Faire, Anfang September Treffen am Doktorsee und es gilt die Herbstsaison zu planen. &#8230; Vieles was wir besprechen und planen können.</p>

<p>Themen wird es viele geben &#8211; Wir werden etwas über die AREDN (Amateur Radio Emergency Digital Network) und die ersten erfolgreichen Einsätze dieser Technik beim ASB hören &#8211; ferner haben &hellip; </p>
<p class="link-more"><a href="https://www.baerenfunk.de/index.php/event/ov-abend-5/" class="more-link"><span class="screen-reader-text">„OV-Abend“</span> weiterlesen</a></p>
