{"id":884,"date":"2019-03-30T16:28:05","date_gmt":"2019-03-30T15:28:05","guid":{"rendered":"https:\/\/www.baerenfunk.de\/?post_type=tribe_events&#038;p=884"},"modified":"2019-03-30T16:28:05","modified_gmt":"2019-03-30T15:28:05","slug":"welt-amateurfunk-tag","status":"publish","type":"tribe_events","link":"https:\/\/www.baerenfunk.de\/index.php\/event\/welt-amateurfunk-tag\/","title":{"rendered":"Welt-Amateurfunk Tag"},"content":{"rendered":"<p>Die International Amateur Radio Union (IARU) hat anl\u00e4sslich ihrer Gr\u00fcndung am 18. April 1925 in Paris den Weltamateurfunktag ausgerufen. In diesem Jahr f\u00e4llt dieser Tag auf den Gr\u00fcndonnerstag.<\/p>\n","protected":false},"excerpt":{"rendered":"<p>Die International Amateur Radio Union (IARU) hat anl\u00e4sslich ihrer Gr\u00fcndung am 18. April 1925 in Paris den Weltamateurfunktag ausgerufen. In diesem Jahr f\u00e4llt dieser Tag auf den Gr\u00fcndonnerstag.<\/p>\n","protected":false},"author":1,"featured_media":0,"comment_status":"closed","ping_status":"closed","template":"","meta":{"_tribe_events_status":"","_tribe_events_status_reason":""},"tags":[70],"tribe_events_cat":[],"_links":{"self":[{"href":"https:\/\/www.baerenfunk.de\/index.php\/wp-json\/wp\/v2\/tribe_events\/884"}],"collection":[{"href":"https:\/\/www.baerenfunk.de\/index.php\/wp-json\/wp\/v2\/tribe_events"}],"about":[{"href":"https:\/\/www.baerenfunk.de\/index.php\/wp-json\/wp\/v2\/types\/tribe_events"}],"author":[{"embeddable":true,"href":"https:\/\/www.baerenfunk.de\/index.php\/wp-json\/wp\/v2\/users\/1"}],"replies":[{"embeddable":true,"href":"https:\/\/www.baerenfunk.de\/index.php\/wp-json\/wp\/v2\/comments?post=884"}],"version-history":[{"count":1,"href":"https:\/\/www.baerenfunk.de\/index.php\/wp-json\/wp\/v2\/tribe_events\/884\/revisions"}],"predecessor-version":[{"id":885,"href":"https:\/\/www.baerenfunk.de\/index.php\/wp-json\/wp\/v2\/tribe_events\/884\/revisions\/885"}],"wp:attachment":[{"href":"https:\/\/www.baerenfunk.de\/index.php\/wp-json\/wp\/v2\/media?parent=884"}],"wp:term":[{"taxonomy":"post_tag","embeddable":true,"href":"https:\/\/www.baerenfunk.de\/index.php\/wp-json\/wp\/v2\/tags?post=884"},{"taxonomy":"tribe_events_cat","embeddable":true,"href":"https:\/\/www.baerenfunk.de\/index.php\/wp-json\/wp\/v2\/tribe_events_cat?post=884"}],"curies":[{"name":"wp","href":"https:\/\/api.w.org\/{rel}","templated":true}]}}

<p>Die International Amateur Radio Union (IARU) hat anlässlich ihrer Gründung am 18. April 1925 in Paris den Weltamateurfunktag ausgerufen. In diesem Jahr fällt dieser Tag auf den Gründonnerstag.</p>
