{"id":849,"date":"2019-03-18T21:59:06","date_gmt":"2019-03-18T20:59:06","guid":{"rendered":"https:\/\/www.baerenfunk.de\/?post_type=tribe_events&#038;p=849"},"modified":"2019-05-12T17:07:16","modified_gmt":"2019-05-12T16:07:16","slug":"db0tvh-treffen","status":"publish","type":"tribe_events","link":"https:\/\/www.baerenfunk.de\/index.php\/event\/db0tvh-treffen\/","title":{"rendered":"DB0TVH Treffen"},"content":{"rendered":"<p>Wann:<br \/>\nTermin 17.05.2019 um 18:30 Uhr<br \/>\nWo :<br \/>\nhttp:\/\/www.lavillagrande.de<\/p>\n<p>Was gibt es zu essen :<br \/>\nHier die Karte. Wir werden nichts extra bestellen da uns die Karte reichhaltig und abwechselungsreich genug erscheint, das jeder was finden d\u00fcrfte.<br \/>\n<a href=\"http:\/\/www.lavillagrande.de\/speisekarte.html\" target=\"_blank\" rel=\"noopener noreferrer\">http:\/\/www.lavillagrande.de\/speisekarte.html<\/a><br \/>\nWie kommt man hin:<br \/>\nIndividuell:<br \/>\n<a href=\"https:\/\/www.google.de\/maps\/place\/La+Villa+Grande\/@52.4382477,9.70293,17z\/data=!3m1!4b1!4m5!3m4!1s0x47b07251793e1afd:0xf2973841a8f704f0!8m2!3d52.4385764!4d9.7058348\" target=\"_blank\" rel=\"noopener noreferrer\">https:\/\/www.google.de\/maps\/place\/La+Villa+Grande\/@52.4382477,9.70293,17z\/data=!3m1!4b1!4m5!3m4!1s0x47b07251793e1afd:0xf2973841a8f704f0!8m2!3d52.4385764!4d9.7058348<\/a><br \/>\nAuf der gegen\u00fcber liegenden Stra\u00dfenseite ist gr\u00f6\u00dferer Parkplatz wie zu sehen ist .<br \/>\nMit den \u00d6ffis:<br \/>\nDas Lokal ist recht gut erreichbar die Buslinien 470 und 480. Sie halten unmittelbar vor bzw ca 200m vom Lokal.<br \/>\nAnfahrt aus Richtung Langenhagen Zentrum ( Stadtbahn 1)<br \/>\nbzw. Langenhagen Bahnhof Mitte ( S-Bahnen 4 und 5 sowie Metronom nach Uelzen\/Hamburg sowie der ERIX in Richtung L\u00fcneburger Heide) .<br \/>\nMit den beiden Buslinien 470 \/ 480 Richtung St\u00f6cken bzw Garbsen . Ausstieg ist in Godshorn die Bushaltestelle ist der &#8220; Le -Trait-Platz &#8220;<br \/>\nAnders herum aus Richtung St\u00f6cken Endpunkt die 470 sowie die 480 aus Richtung Garbsen.<br \/>\nWir freuen uns, bis zum 1. Mai 2019 m\u00f6glichst viele verbindliche Zusagen zu haben. Das erleichtert die Organisation erheblich und tr\u00e4gt dazu bei das wir uns dort wohlf\u00fchlen und auch beide Seiten ( wir und der Wirt ) die ganze Aktion in guter Erinnerung behalten. Wenn es uns dort gef\u00e4llt k\u00f6nnen wir dann auch bestimmt wiederkommen \ud83d\ude09<br \/>\nBitte registriere Dich f\u00fcr die Teilnahme (oben auf dieser Seite), damit wir Dich auf dem Laufenden halten k\u00f6nnen.<\/p>\n<p>Wir freuen uns darauf Dich dort zu treffen&#8230;.<br \/>\nBitte verbreitet es auch unter euren Funkfreunden und Interessierten weiter<\/p>\n<p>73 f\u00fcr das Relaisteam<br \/>\nCharlie \/ DD0DR<\/p>\n","protected":false},"excerpt":{"rendered":"<p>Wann: Termin 17.05.2019 um 18:30 Uhr Wo : http:\/\/www.lavillagrande.de Was gibt es zu essen : Hier die Karte. Wir werden nichts extra bestellen da uns die Karte reichhaltig und abwechselungsreich &hellip; <\/p>\n<p class=\"link-more\"><a href=\"https:\/\/www.baerenfunk.de\/index.php\/event\/db0tvh-treffen\/\" class=\"more-link\"><span class=\"screen-reader-text\">\u201eDB0TVH Treffen\u201c<\/span> weiterlesen<\/a><\/p>\n","protected":false},"author":1,"featured_media":0,"comment_status":"closed","ping_status":"closed","template":"","meta":{"_tribe_events_status":"","_tribe_events_status_reason":""},"tags":[61],"tribe_events_cat":[47],"_links":{"self":[{"href":"https:\/\/www.baerenfunk.de\/index.php\/wp-json\/wp\/v2\/tribe_events\/849"}],"collection":[{"href":"https:\/\/www.baerenfunk.de\/index.php\/wp-json\/wp\/v2\/tribe_events"}],"about":[{"href":"https:\/\/www.baerenfunk.de\/index.php\/wp-json\/wp\/v2\/types\/tribe_events"}],"author":[{"embeddable":true,"href":"https:\/\/www.baerenfunk.de\/index.php\/wp-json\/wp\/v2\/users\/1"}],"replies":[{"embeddable":true,"href":"https:\/\/www.baerenfunk.de\/index.php\/wp-json\/wp\/v2\/comments?post=849"}],"version-history":[{"count":4,"href":"https:\/\/www.baerenfunk.de\/index.php\/wp-json\/wp\/v2\/tribe_events\/849\/revisions"}],"predecessor-version":[{"id":857,"href":"https:\/\/www.baerenfunk.de\/index.php\/wp-json\/wp\/v2\/tribe_events\/849\/revisions\/857"}],"wp:attachment":[{"href":"https:\/\/www.baerenfunk.de\/index.php\/wp-json\/wp\/v2\/media?parent=849"}],"wp:term":[{"taxonomy":"post_tag","embeddable":true,"href":"https:\/\/www.baerenfunk.de\/index.php\/wp-json\/wp\/v2\/tags?post=849"},{"taxonomy":"tribe_events_cat","embeddable":true,"href":"https:\/\/www.baerenfunk.de\/index.php\/wp-json\/wp\/v2\/tribe_events_cat?post=849"}],"curies":[{"name":"wp","href":"https:\/\/api.w.org\/{rel}","templated":true}]}}

<p>Wann:<br />
Termin 17.05.2019 um 18:30 Uhr<br />
Wo :<br />
http://www.lavillagrande.de</p>
<p>Was gibt es zu essen :<br />
Hier die Karte. Wir werden nichts extra bestellen da uns die Karte reichhaltig und abwechselungsreich genug erscheint, das jeder was finden dürfte.<br />
<a href="http://www.lavillagrande.de/speisekarte.html" target="_blank" rel="noopener noreferrer">http://www.lavillagrande.de/speisekarte.html</a><br />
Wie kommt man hin:<br />
Individuell:<br />
<a href="https://www.google.de/maps/place/La+Villa+Grande/@52.4382477,9.70293,17z/data=!3m1!4b1!4m5!3m4!1s0x47b07251793e1afd:0xf2973841a8f704f0!8m2!3d52.4385764!4d9.7058348" target="_blank" rel="noopener noreferrer">https://www.google.de/maps/place/La+Villa+Grande/@52.4382477,9.70293,17z/data=!3m1!4b1!4m5!3m4!1s0x47b07251793e1afd:0xf2973841a8f704f0!8m2!3d52.4385764!4d9.7058348</a><br />
Auf der gegenüber liegenden Straßenseite ist größerer Parkplatz wie zu sehen ist .<br />
Mit den Öffis:<br />
Das Lokal ist recht gut erreichbar die Buslinien 470 und 480. Sie halten unmittelbar vor bzw ca 200m vom Lokal.<br />
Anfahrt aus Richtung Langenhagen Zentrum ( Stadtbahn 1)<br />
bzw. Langenhagen Bahnhof Mitte ( S-Bahnen 4 und 5 sowie Metronom nach Uelzen/Hamburg sowie der ERIX in Richtung Lüneburger Heide) .<br />
Mit den beiden Buslinien 470 / 480 Richtung Stöcken bzw Garbsen . Ausstieg ist in Godshorn die Bushaltestelle ist der &#8220; Le -Trait-Platz &#8220;<br />
Anders herum aus Richtung Stöcken Endpunkt die 470 sowie die 480 aus Richtung Garbsen.<br />
Wir freuen uns, bis zum 1. Mai 2019 möglichst viele verbindliche Zusagen zu haben. Das erleichtert die Organisation erheblich und trägt dazu bei das wir uns dort wohlfühlen und auch beide Seiten ( wir und der Wirt ) die ganze Aktion in guter Erinnerung behalten. Wenn es uns dort gefällt können wir dann auch bestimmt wiederkommen 😉<br />
Bitte registriere Dich für die Teilnahme (oben auf dieser Seite), damit wir Dich auf dem Laufenden halten können.</p>
<p>Wir freuen uns darauf Dich dort zu treffen&#8230;.<br />
Bitte verbreitet es auch unter euren Funkfreunden und Interessierten weiter</p>
<p>73 für das Relaisteam<br />
Charlie / DD0DR</p>
