{"id":591,"date":"2019-01-24T20:46:32","date_gmt":"2019-01-24T19:46:32","guid":{"rendered":"https:\/\/www.baerenfunk.de\/?post_type=tribe_events&#038;p=591"},"modified":"2019-02-02T18:49:45","modified_gmt":"2019-02-02T17:49:45","slug":"februar-ov-abend","status":"publish","type":"tribe_events","link":"https:\/\/www.baerenfunk.de\/index.php\/event\/februar-ov-abend\/","title":{"rendered":"Februar OV-Abend"},"content":{"rendered":"<p>Wir haben keine &#8222;gro\u00dfen&#8220; Themen anstehen, ich denke, es wird einige kleinere Gespr\u00e4chsgruppen geben und f\u00fcr die an Pocsac Interessierten gibt es nach dem Essen einige Infos zur Inbetriebnahme. Also:<\/p>\n<p>Funkerplatte oder Anderes&#8230;.<\/p>\n<ul>\n<li>Informationsaustausch zu\u00a0 diversen Aktivit\u00e4ten<\/li>\n<li>Funkleitstelle beim ASB &#8230; und&#8230; und &#8230;.<\/li>\n<li>Vorbereitung der Jahreshauptversammlung M\u00e4rz 2019 (ohne Wahlen)<\/li>\n<li>Programmierung der Alphapoc Pager\/ Spielereien damit<\/li>\n<\/ul>\n","protected":false},"excerpt":{"rendered":"<p>Wir haben keine &#8222;gro\u00dfen&#8220; Themen anstehen, ich denke, es wird einige kleinere Gespr\u00e4chsgruppen geben und f\u00fcr die an Pocsac Interessierten gibt es nach dem Essen einige Infos zur Inbetriebnahme. Also: &hellip; <\/p>\n<p class=\"link-more\"><a href=\"https:\/\/www.baerenfunk.de\/index.php\/event\/februar-ov-abend\/\" class=\"more-link\"><span class=\"screen-reader-text\">\u201eFebruar OV-Abend\u201c<\/span> weiterlesen<\/a><\/p>\n","protected":false},"author":1,"featured_media":0,"comment_status":"closed","ping_status":"closed","template":"","meta":{"_tribe_events_status":"","_tribe_events_status_reason":""},"tags":[7,44,15,42,43],"tribe_events_cat":[41],"_links":{"self":[{"href":"https:\/\/www.baerenfunk.de\/index.php\/wp-json\/wp\/v2\/tribe_events\/591"}],"collection":[{"href":"https:\/\/www.baerenfunk.de\/index.php\/wp-json\/wp\/v2\/tribe_events"}],"about":[{"href":"https:\/\/www.baerenfunk.de\/index.php\/wp-json\/wp\/v2\/types\/tribe_events"}],"author":[{"embeddable":true,"href":"https:\/\/www.baerenfunk.de\/index.php\/wp-json\/wp\/v2\/users\/1"}],"replies":[{"embeddable":true,"href":"https:\/\/www.baerenfunk.de\/index.php\/wp-json\/wp\/v2\/comments?post=591"}],"version-history":[{"count":4,"href":"https:\/\/www.baerenfunk.de\/index.php\/wp-json\/wp\/v2\/tribe_events\/591\/revisions"}],"predecessor-version":[{"id":616,"href":"https:\/\/www.baerenfunk.de\/index.php\/wp-json\/wp\/v2\/tribe_events\/591\/revisions\/616"}],"wp:attachment":[{"href":"https:\/\/www.baerenfunk.de\/index.php\/wp-json\/wp\/v2\/media?parent=591"}],"wp:term":[{"taxonomy":"post_tag","embeddable":true,"href":"https:\/\/www.baerenfunk.de\/index.php\/wp-json\/wp\/v2\/tags?post=591"},{"taxonomy":"tribe_events_cat","embeddable":true,"href":"https:\/\/www.baerenfunk.de\/index.php\/wp-json\/wp\/v2\/tribe_events_cat?post=591"}],"curies":[{"name":"wp","href":"https:\/\/api.w.org\/{rel}","templated":true}]}}

<p>Wir haben keine &#8222;großen&#8220; Themen anstehen, ich denke, es wird einige kleinere Gesprächsgruppen geben und für die an Pocsac Interessierten gibt es nach dem Essen einige Infos zur Inbetriebnahme. Also:</p>
<p>Funkerplatte oder Anderes&#8230;.</p>
<ul>
<li>Informationsaustausch zu  diversen Aktivitäten</li>
<li>Funkleitstelle beim ASB &#8230; und&#8230; und &#8230;.</li>
<li>Vorbereitung der Jahreshauptversammlung März 2019 (ohne Wahlen)</li>
<li>Programmierung der Alphapoc Pager/ Spielereien damit</li>
</ul>

<p>Wir haben keine &#8222;großen&#8220; Themen anstehen, ich denke, es wird einige kleinere Gesprächsgruppen geben und für die an Pocsac Interessierten gibt es nach dem Essen einige Infos zur Inbetriebnahme. Also: &hellip; </p>
<p class="link-more"><a href="https://www.baerenfunk.de/index.php/event/februar-ov-abend/" class="more-link"><span class="screen-reader-text">„Februar OV-Abend“</span> weiterlesen</a></p>
