{"id":416,"date":"2018-12-31T22:10:58","date_gmt":"2018-12-31T21:10:58","guid":{"rendered":"https:\/\/www.baerenfunk.de\/?post_type=tribe_events&#038;p=416"},"modified":"2019-03-10T15:47:14","modified_gmt":"2019-03-10T14:47:14","slug":"wrtc-funkanhaenger-inventur","status":"publish","type":"tribe_events","link":"https:\/\/www.baerenfunk.de\/index.php\/event\/wrtc-funkanhaenger-inventur\/","title":{"rendered":"WRTC Funkanh\u00e4nger Inventur"},"content":{"rendered":"<p>F\u00fcr alle die es interessiert bieten wir die M\u00f6glichkeit, den Inhalt des Funkanh\u00e4ngers zu sichten:<br \/>\nWir machen Inventur, beratschlagen, was noch fehlt und besorgt werden muss, beschriften und packen alles wieder sauber ein, so dass einem ersten Einsatz im Fr\u00fchjahr nichts entgegen steht<\/p>\n<p>Eine Bitte an die Interessenten: Bitte registriert Euch oben, vielleicht gibt es ja Kuchen&#8230; (auch um die neue Anmelde-Funktion zu testen&#8230;)<br \/>\nIhr erhaltet in dann in ca. 1-2 Tagen eine Best\u00e4tigungsmail&#8230;<\/p>\n<p>&nbsp;<\/p>\n","protected":false},"excerpt":{"rendered":"<p>F\u00fcr alle die es interessiert bieten wir die M\u00f6glichkeit, den Inhalt des Funkanh\u00e4ngers zu sichten: Wir machen Inventur, beratschlagen, was noch fehlt und besorgt werden muss, beschriften und packen alles &hellip; <\/p>\n<p class=\"link-more\"><a href=\"https:\/\/www.baerenfunk.de\/index.php\/event\/wrtc-funkanhaenger-inventur\/\" class=\"more-link\"><span class=\"screen-reader-text\">\u201eWRTC Funkanh\u00e4nger Inventur\u201c<\/span> weiterlesen<\/a><\/p>\n","protected":false},"author":2,"featured_media":0,"comment_status":"closed","ping_status":"closed","template":"","meta":{"_tribe_events_status":"","_tribe_events_status_reason":""},"tags":[33,7,34],"tribe_events_cat":[],"_links":{"self":[{"href":"https:\/\/www.baerenfunk.de\/index.php\/wp-json\/wp\/v2\/tribe_events\/416"}],"collection":[{"href":"https:\/\/www.baerenfunk.de\/index.php\/wp-json\/wp\/v2\/tribe_events"}],"about":[{"href":"https:\/\/www.baerenfunk.de\/index.php\/wp-json\/wp\/v2\/types\/tribe_events"}],"author":[{"embeddable":true,"href":"https:\/\/www.baerenfunk.de\/index.php\/wp-json\/wp\/v2\/users\/2"}],"replies":[{"embeddable":true,"href":"https:\/\/www.baerenfunk.de\/index.php\/wp-json\/wp\/v2\/comments?post=416"}],"version-history":[{"count":4,"href":"https:\/\/www.baerenfunk.de\/index.php\/wp-json\/wp\/v2\/tribe_events\/416\/revisions"}],"predecessor-version":[{"id":421,"href":"https:\/\/www.baerenfunk.de\/index.php\/wp-json\/wp\/v2\/tribe_events\/416\/revisions\/421"}],"wp:attachment":[{"href":"https:\/\/www.baerenfunk.de\/index.php\/wp-json\/wp\/v2\/media?parent=416"}],"wp:term":[{"taxonomy":"post_tag","embeddable":true,"href":"https:\/\/www.baerenfunk.de\/index.php\/wp-json\/wp\/v2\/tags?post=416"},{"taxonomy":"tribe_events_cat","embeddable":true,"href":"https:\/\/www.baerenfunk.de\/index.php\/wp-json\/wp\/v2\/tribe_events_cat?post=416"}],"curies":[{"name":"wp","href":"https:\/\/api.w.org\/{rel}","templated":true}]}}

WRTC Funkanhänger Inventur

<p>Für alle die es interessiert bieten wir die Möglichkeit, den Inhalt des Funkanhängers zu sichten:<br />
Wir machen Inventur, beratschlagen, was noch fehlt und besorgt werden muss, beschriften und packen alles wieder sauber ein, so dass einem ersten Einsatz im Frühjahr nichts entgegen steht</p>
<p>Eine Bitte an die Interessenten: Bitte registriert Euch oben, vielleicht gibt es ja Kuchen&#8230; (auch um die neue Anmelde-Funktion zu testen&#8230;)<br />
Ihr erhaltet in dann in ca. 1-2 Tagen eine Bestätigungsmail&#8230;</p>
<p>&nbsp;</p>

<p>Für alle die es interessiert bieten wir die Möglichkeit, den Inhalt des Funkanhängers zu sichten: Wir machen Inventur, beratschlagen, was noch fehlt und besorgt werden muss, beschriften und packen alles &hellip; </p>
<p class="link-more"><a href="https://www.baerenfunk.de/index.php/event/wrtc-funkanhaenger-inventur/" class="more-link"><span class="screen-reader-text">„WRTC Funkanhänger Inventur“</span> weiterlesen</a></p>
