{"id":2103,"date":"2023-02-12T10:26:27","date_gmt":"2023-02-12T09:26:27","guid":{"rendered":"https:\/\/www.baerenfunk.de\/?post_type=tribe_events&#038;p=2103"},"modified":"2023-02-22T11:34:12","modified_gmt":"2023-02-22T10:34:12","slug":"jahreshauptversammlunng","status":"publish","type":"tribe_events","link":"https:\/\/www.baerenfunk.de\/index.php\/event\/jahreshauptversammlunng\/","title":{"rendered":"Jahreshauptversammlung"},"content":{"rendered":"<p>Hier das \u00fcberaus spannende Programm der Jahreshauptversammlung. Bitte meldet Euch m\u00f6glichst fr\u00fchzeitig an.<\/p>\n<p><strong>Tagesordnung:<\/strong><\/p>\n<ol>\n<li>Er\u00f6ffnung und Begr\u00fc\u00dfung; Feststellung der Beschlussf\u00e4higkeit<\/li>\n<li>Genehmigung der Tagesordnung<\/li>\n<li>Verabschiedung Protokoll der JHV 2022<\/li>\n<li>Ehrungen<\/li>\n<li>Bericht des Vorstandes\n<ol>\n<li>Inhaltlicher Bericht<\/li>\n<li>Kassenbericht<\/li>\n<\/ol>\n<\/li>\n<li>Fragen und allgemeine Aussprache<\/li>\n<li>Antr\u00e4ge<\/li>\n<li>Sonstiges<\/li>\n<\/ol>\n<p>In diesem Jahr finden keine Wahlen statt. Der Bericht des Vorstandes und der Kassenbericht gehen euch vor der Versammlung schriftlich zu.<\/p>\n","protected":false},"excerpt":{"rendered":"<p>Hier das \u00fcberaus spannende Programm der Jahreshauptversammlung. Bitte meldet Euch m\u00f6glichst fr\u00fchzeitig an. Tagesordnung: Er\u00f6ffnung und Begr\u00fc\u00dfung; Feststellung der Beschlussf\u00e4higkeit Genehmigung der Tagesordnung Verabschiedung Protokoll der JHV 2022 Ehrungen Bericht &hellip; <\/p>\n<p class=\"link-more\"><a href=\"https:\/\/www.baerenfunk.de\/index.php\/event\/jahreshauptversammlunng\/\" class=\"more-link\"><span class=\"screen-reader-text\">\u201eJahreshauptversammlung\u201c<\/span> weiterlesen<\/a><\/p>\n","protected":false},"author":1,"featured_media":2097,"comment_status":"closed","ping_status":"closed","template":"","meta":{"_tribe_events_status":"","_tribe_events_status_reason":""},"tags":[113],"tribe_events_cat":[41],"_links":{"self":[{"href":"https:\/\/www.baerenfunk.de\/index.php\/wp-json\/wp\/v2\/tribe_events\/2103"}],"collection":[{"href":"https:\/\/www.baerenfunk.de\/index.php\/wp-json\/wp\/v2\/tribe_events"}],"about":[{"href":"https:\/\/www.baerenfunk.de\/index.php\/wp-json\/wp\/v2\/types\/tribe_events"}],"author":[{"embeddable":true,"href":"https:\/\/www.baerenfunk.de\/index.php\/wp-json\/wp\/v2\/users\/1"}],"replies":[{"embeddable":true,"href":"https:\/\/www.baerenfunk.de\/index.php\/wp-json\/wp\/v2\/comments?post=2103"}],"version-history":[{"count":5,"href":"https:\/\/www.baerenfunk.de\/index.php\/wp-json\/wp\/v2\/tribe_events\/2103\/revisions"}],"predecessor-version":[{"id":2114,"href":"https:\/\/www.baerenfunk.de\/index.php\/wp-json\/wp\/v2\/tribe_events\/2103\/revisions\/2114"}],"wp:featuredmedia":[{"embeddable":true,"href":"https:\/\/www.baerenfunk.de\/index.php\/wp-json\/wp\/v2\/media\/2097"}],"wp:attachment":[{"href":"https:\/\/www.baerenfunk.de\/index.php\/wp-json\/wp\/v2\/media?parent=2103"}],"wp:term":[{"taxonomy":"post_tag","embeddable":true,"href":"https:\/\/www.baerenfunk.de\/index.php\/wp-json\/wp\/v2\/tags?post=2103"},{"taxonomy":"tribe_events_cat","embeddable":true,"href":"https:\/\/www.baerenfunk.de\/index.php\/wp-json\/wp\/v2\/tribe_events_cat?post=2103"}],"curies":[{"name":"wp","href":"https:\/\/api.w.org\/{rel}","templated":true}]}}

<p>Hier das überaus spannende Programm der Jahreshauptversammlung. Bitte meldet Euch möglichst frühzeitig an.</p>
<p><strong>Tagesordnung:</strong></p>
<ol>
<li>Eröffnung und Begrüßung; Feststellung der Beschlussfähigkeit</li>
<li>Genehmigung der Tagesordnung</li>
<li>Verabschiedung Protokoll der JHV 2022</li>
<li>Ehrungen</li>
<li>Bericht des Vorstandes
<ol>
<li>Inhaltlicher Bericht</li>
<li>Kassenbericht</li>
</ol>
</li>
<li>Fragen und allgemeine Aussprache</li>
<li>Anträge</li>
<li>Sonstiges</li>
</ol>
<p>In diesem Jahr finden keine Wahlen statt. Der Bericht des Vorstandes und der Kassenbericht gehen euch vor der Versammlung schriftlich zu.</p>

<p>Hier das überaus spannende Programm der Jahreshauptversammlung. Bitte meldet Euch möglichst frühzeitig an. Tagesordnung: Eröffnung und Begrüßung; Feststellung der Beschlussfähigkeit Genehmigung der Tagesordnung Verabschiedung Protokoll der JHV 2022 Ehrungen Bericht &hellip; </p>
<p class="link-more"><a href="https://www.baerenfunk.de/index.php/event/jahreshauptversammlunng/" class="more-link"><span class="screen-reader-text">„Jahreshauptversammlung“</span> weiterlesen</a></p>
