{"id":1817,"date":"2021-12-04T22:26:07","date_gmt":"2021-12-04T21:26:07","guid":{"rendered":"https:\/\/www.baerenfunk.de\/?post_type=tribe_events&#038;p=1817"},"modified":"2021-12-04T22:26:07","modified_gmt":"2021-12-04T21:26:07","slug":"ov-abend-dezember-2021","status":"publish","type":"tribe_events","link":"https:\/\/www.baerenfunk.de\/index.php\/event\/ov-abend-dezember-2021\/","title":{"rendered":"OV-Abend Dezember 2021"},"content":{"rendered":"<p>Unser letzter OV-Abend in diesem Jahr findet wieder turnusgem\u00e4\u00df am kommenden Mittwoch, den 08.12.2021 statt.<br \/>\nNach R\u00fccksprache mit Vio ist die Situation wie folgt:<\/p>\n<ul>\n<li>Wir sind die einzige Gruppe an diesem Abend, evtl. sind noch ein paar Stammg\u00e4ste da.<\/li>\n<li>Es herrscht 2G+ Regel, d.h. Genesen oder Geimpft und ein Schnelltest (B\u00fcrgertest)<\/li>\n<li>Die Schnelltests k\u00f6nnen vor Ort in der Gastst\u00e4tte gemacht werden &#8211; Vio hat dazu die offizielle Genehmigung bekommen.<\/li>\n<li>Die Kosten des Schnelltests (3 Euro) \u00fcbernimmt die OV-Kasse<\/li>\n<\/ul>\n<p>Ich denke, unter diesen Bedingungen k\u00f6nnen wir einen unbeschwerten Abend genie\u00dfen.<\/p>\n<p>&nbsp;<\/p>\n","protected":false},"excerpt":{"rendered":"<p>Unser letzter OV-Abend in diesem Jahr findet wieder turnusgem\u00e4\u00df am kommenden Mittwoch, den 08.12.2021 statt. Nach R\u00fccksprache mit Vio ist die Situation wie folgt: Wir sind die einzige Gruppe an &hellip; <\/p>\n<p class=\"link-more\"><a href=\"https:\/\/www.baerenfunk.de\/index.php\/event\/ov-abend-dezember-2021\/\" class=\"more-link\"><span class=\"screen-reader-text\">\u201eOV-Abend Dezember 2021\u201c<\/span> weiterlesen<\/a><\/p>\n","protected":false},"author":1,"featured_media":0,"comment_status":"closed","ping_status":"closed","template":"","meta":{"_tribe_events_status":"","_tribe_events_status_reason":""},"tags":[],"tribe_events_cat":[41],"_links":{"self":[{"href":"https:\/\/www.baerenfunk.de\/index.php\/wp-json\/wp\/v2\/tribe_events\/1817"}],"collection":[{"href":"https:\/\/www.baerenfunk.de\/index.php\/wp-json\/wp\/v2\/tribe_events"}],"about":[{"href":"https:\/\/www.baerenfunk.de\/index.php\/wp-json\/wp\/v2\/types\/tribe_events"}],"author":[{"embeddable":true,"href":"https:\/\/www.baerenfunk.de\/index.php\/wp-json\/wp\/v2\/users\/1"}],"replies":[{"embeddable":true,"href":"https:\/\/www.baerenfunk.de\/index.php\/wp-json\/wp\/v2\/comments?post=1817"}],"version-history":[{"count":1,"href":"https:\/\/www.baerenfunk.de\/index.php\/wp-json\/wp\/v2\/tribe_events\/1817\/revisions"}],"predecessor-version":[{"id":1818,"href":"https:\/\/www.baerenfunk.de\/index.php\/wp-json\/wp\/v2\/tribe_events\/1817\/revisions\/1818"}],"wp:attachment":[{"href":"https:\/\/www.baerenfunk.de\/index.php\/wp-json\/wp\/v2\/media?parent=1817"}],"wp:term":[{"taxonomy":"post_tag","embeddable":true,"href":"https:\/\/www.baerenfunk.de\/index.php\/wp-json\/wp\/v2\/tags?post=1817"},{"taxonomy":"tribe_events_cat","embeddable":true,"href":"https:\/\/www.baerenfunk.de\/index.php\/wp-json\/wp\/v2\/tribe_events_cat?post=1817"}],"curies":[{"name":"wp","href":"https:\/\/api.w.org\/{rel}","templated":true}]}}

<p>Unser letzter OV-Abend in diesem Jahr findet wieder turnusgemäß am kommenden Mittwoch, den 08.12.2021 statt.<br />
Nach Rücksprache mit Vio ist die Situation wie folgt:</p>
<ul>
<li>Wir sind die einzige Gruppe an diesem Abend, evtl. sind noch ein paar Stammgäste da.</li>
<li>Es herrscht 2G+ Regel, d.h. Genesen oder Geimpft und ein Schnelltest (Bürgertest)</li>
<li>Die Schnelltests können vor Ort in der Gaststätte gemacht werden &#8211; Vio hat dazu die offizielle Genehmigung bekommen.</li>
<li>Die Kosten des Schnelltests (3 Euro) übernimmt die OV-Kasse</li>
</ul>
<p>Ich denke, unter diesen Bedingungen können wir einen unbeschwerten Abend genießen.</p>
<p>&nbsp;</p>

<p>Unser letzter OV-Abend in diesem Jahr findet wieder turnusgemäß am kommenden Mittwoch, den 08.12.2021 statt. Nach Rücksprache mit Vio ist die Situation wie folgt: Wir sind die einzige Gruppe an &hellip; </p>
<p class="link-more"><a href="https://www.baerenfunk.de/index.php/event/ov-abend-dezember-2021/" class="more-link"><span class="screen-reader-text">„OV-Abend Dezember 2021“</span> weiterlesen</a></p>
