{"id":1775,"date":"2021-08-17T19:31:06","date_gmt":"2021-08-17T18:31:06","guid":{"rendered":"https:\/\/www.baerenfunk.de\/?post_type=tribe_events&#038;p=1775"},"modified":"2021-08-20T12:06:45","modified_gmt":"2021-08-20T11:06:45","slug":"h48-fieldday-2021","status":"publish","type":"tribe_events","link":"https:\/\/www.baerenfunk.de\/index.php\/event\/h48-fieldday-2021\/","title":{"rendered":"H48-Fieldday 2021"},"content":{"rendered":"<p>Wir freuen uns, in diesem Jahr wieder unseren Fieldday im Weserbergland durchf\u00fchren zu k\u00f6nnen. Wir laden alle Funkamateure, Freunde, Interessenten nicht nur aus der Region Hannover herzlich zur Teilnahme ein.<br \/>\nDer Fieldday findet auf dem Gruppencampingplatz Weserbergland in der N\u00e4he von Hameln statt. Dort ist sehr viel Platz zum Aufbau von Antennen und gleichzeitig eine gute Infrastruktur vorhanden. Der Gruppenplatz ist mit Sitzgarnituren, Feuerschalen und \u00dcberdachung ausgestattet und bietet in diesem Jahr ganz neu eine mobile K\u00fcche, um direkt vor Ort zu kochen und das Geschirr zu reinigen, ohne lange Laufwege zu haben. Auf dem Gel\u00e4nde steht ein Toilettenwagen zur Nutzung. Duschen stehen auf dem Campingplatz zur Verf\u00fcgung. Wir k\u00f6nnen somit autark und ungest\u00f6rt auf dem ca 40.000 qm gro\u00dfen Areal campen und funken \u2013 stilecht mit Lagerfeuer und BBQ (Gro\u00dfgrill kann ausgeliehen werden).<\/p>\n<p>Ab sofort kann man sich hier f\u00fcr den Fieldday im Weserbergland <strong>registrieren<\/strong>. Sp\u00e4testens 1-2 Tage nach der Anmeldung erh\u00e4lt man eine Nachricht an die eingegebene Mailadresse, das man registriert bist.<\/p>\n<p>Wir freuen uns auf Euch.<br \/>\nvy 73 die Crew von H48<\/p>\n","protected":false},"excerpt":{"rendered":"<p>Wir freuen uns, in diesem Jahr wieder unseren Fieldday im Weserbergland durchf\u00fchren zu k\u00f6nnen. Wir laden alle Funkamateure, Freunde, Interessenten nicht nur aus der Region Hannover herzlich zur Teilnahme ein. &hellip; <\/p>\n<p class=\"link-more\"><a href=\"https:\/\/www.baerenfunk.de\/index.php\/event\/h48-fieldday-2021\/\" class=\"more-link\"><span class=\"screen-reader-text\">\u201eH48-Fieldday 2021\u201c<\/span> weiterlesen<\/a><\/p>\n","protected":false},"author":1,"featured_media":0,"comment_status":"closed","ping_status":"closed","template":"","meta":{"_tribe_events_status":"","_tribe_events_status_reason":""},"tags":[48],"tribe_events_cat":[47],"_links":{"self":[{"href":"https:\/\/www.baerenfunk.de\/index.php\/wp-json\/wp\/v2\/tribe_events\/1775"}],"collection":[{"href":"https:\/\/www.baerenfunk.de\/index.php\/wp-json\/wp\/v2\/tribe_events"}],"about":[{"href":"https:\/\/www.baerenfunk.de\/index.php\/wp-json\/wp\/v2\/types\/tribe_events"}],"author":[{"embeddable":true,"href":"https:\/\/www.baerenfunk.de\/index.php\/wp-json\/wp\/v2\/users\/1"}],"replies":[{"embeddable":true,"href":"https:\/\/www.baerenfunk.de\/index.php\/wp-json\/wp\/v2\/comments?post=1775"}],"version-history":[{"count":4,"href":"https:\/\/www.baerenfunk.de\/index.php\/wp-json\/wp\/v2\/tribe_events\/1775\/revisions"}],"predecessor-version":[{"id":1779,"href":"https:\/\/www.baerenfunk.de\/index.php\/wp-json\/wp\/v2\/tribe_events\/1775\/revisions\/1779"}],"wp:attachment":[{"href":"https:\/\/www.baerenfunk.de\/index.php\/wp-json\/wp\/v2\/media?parent=1775"}],"wp:term":[{"taxonomy":"post_tag","embeddable":true,"href":"https:\/\/www.baerenfunk.de\/index.php\/wp-json\/wp\/v2\/tags?post=1775"},{"taxonomy":"tribe_events_cat","embeddable":true,"href":"https:\/\/www.baerenfunk.de\/index.php\/wp-json\/wp\/v2\/tribe_events_cat?post=1775"}],"curies":[{"name":"wp","href":"https:\/\/api.w.org\/{rel}","templated":true}]}}

<p>Wir freuen uns, in diesem Jahr wieder unseren Fieldday im Weserbergland durchführen zu können. Wir laden alle Funkamateure, Freunde, Interessenten nicht nur aus der Region Hannover herzlich zur Teilnahme ein.<br />
Der Fieldday findet auf dem Gruppencampingplatz Weserbergland in der Nähe von Hameln statt. Dort ist sehr viel Platz zum Aufbau von Antennen und gleichzeitig eine gute Infrastruktur vorhanden. Der Gruppenplatz ist mit Sitzgarnituren, Feuerschalen und Überdachung ausgestattet und bietet in diesem Jahr ganz neu eine mobile Küche, um direkt vor Ort zu kochen und das Geschirr zu reinigen, ohne lange Laufwege zu haben. Auf dem Gelände steht ein Toilettenwagen zur Nutzung. Duschen stehen auf dem Campingplatz zur Verfügung. Wir können somit autark und ungestört auf dem ca 40.000 qm großen Areal campen und funken – stilecht mit Lagerfeuer und BBQ (Großgrill kann ausgeliehen werden).</p>
<p>Ab sofort kann man sich hier für den Fieldday im Weserbergland <strong>registrieren</strong>. Spätestens 1-2 Tage nach der Anmeldung erhält man eine Nachricht an die eingegebene Mailadresse, das man registriert bist.</p>
<p>Wir freuen uns auf Euch.<br />
vy 73 die Crew von H48</p>

<p>Wir freuen uns, in diesem Jahr wieder unseren Fieldday im Weserbergland durchführen zu können. Wir laden alle Funkamateure, Freunde, Interessenten nicht nur aus der Region Hannover herzlich zur Teilnahme ein. &hellip; </p>
<p class="link-more"><a href="https://www.baerenfunk.de/index.php/event/h48-fieldday-2021/" class="more-link"><span class="screen-reader-text">„H48-Fieldday 2021“</span> weiterlesen</a></p>
