{"id":1764,"date":"2021-06-03T19:35:22","date_gmt":"2021-06-03T18:35:22","guid":{"rendered":"https:\/\/www.baerenfunk.de\/?post_type=tribe_events&#038;p=1764"},"modified":"2021-08-17T20:06:02","modified_gmt":"2021-08-17T19:06:02","slug":"endlich-ov-abend-bei-violetta","status":"publish","type":"tribe_events","link":"https:\/\/www.baerenfunk.de\/index.php\/event\/endlich-ov-abend-bei-violetta\/","title":{"rendered":"Endlich: OV-Abend bei Violetta"},"content":{"rendered":"<p>Endlich: Die Gastst\u00e4tte des SV Linden 07 ist wieder ge\u00f6ffnet. Und Violetta freut sich auf uns und m\u00f6chte gerne wieder Funkerplatten und anderes leckeres kochen. Und wir sehen uns mal wieder richtig!<\/p>\n<p>Bitte meldet Euch an! F\u00fcr Violetta ist es jetzt ganz schwierig die Essensmengen zu kalkulieren, deshalb: meldet Euch bis Sonntagabend an und schreibt Euren Essenswunsch mit in die Anmeldung. Nur so kann Violetta absch\u00e4tzen was sie f\u00fcr uns einkaufen muss&#8230;<\/p>\n","protected":false},"excerpt":{"rendered":"<p>Endlich: Die Gastst\u00e4tte des SV Linden 07 ist wieder ge\u00f6ffnet. Und Violetta freut sich auf uns und m\u00f6chte gerne wieder Funkerplatten und anderes leckeres kochen. Und wir sehen uns mal &hellip; <\/p>\n<p class=\"link-more\"><a href=\"https:\/\/www.baerenfunk.de\/index.php\/event\/endlich-ov-abend-bei-violetta\/\" class=\"more-link\"><span class=\"screen-reader-text\">\u201eEndlich: OV-Abend bei Violetta\u201c<\/span> weiterlesen<\/a><\/p>\n","protected":false},"author":1,"featured_media":0,"comment_status":"closed","ping_status":"closed","template":"","meta":{"_tribe_events_status":"","_tribe_events_status_reason":""},"tags":[44,42],"tribe_events_cat":[41],"_links":{"self":[{"href":"https:\/\/www.baerenfunk.de\/index.php\/wp-json\/wp\/v2\/tribe_events\/1764"}],"collection":[{"href":"https:\/\/www.baerenfunk.de\/index.php\/wp-json\/wp\/v2\/tribe_events"}],"about":[{"href":"https:\/\/www.baerenfunk.de\/index.php\/wp-json\/wp\/v2\/types\/tribe_events"}],"author":[{"embeddable":true,"href":"https:\/\/www.baerenfunk.de\/index.php\/wp-json\/wp\/v2\/users\/1"}],"replies":[{"embeddable":true,"href":"https:\/\/www.baerenfunk.de\/index.php\/wp-json\/wp\/v2\/comments?post=1764"}],"version-history":[{"count":2,"href":"https:\/\/www.baerenfunk.de\/index.php\/wp-json\/wp\/v2\/tribe_events\/1764\/revisions"}],"predecessor-version":[{"id":1766,"href":"https:\/\/www.baerenfunk.de\/index.php\/wp-json\/wp\/v2\/tribe_events\/1764\/revisions\/1766"}],"wp:attachment":[{"href":"https:\/\/www.baerenfunk.de\/index.php\/wp-json\/wp\/v2\/media?parent=1764"}],"wp:term":[{"taxonomy":"post_tag","embeddable":true,"href":"https:\/\/www.baerenfunk.de\/index.php\/wp-json\/wp\/v2\/tags?post=1764"},{"taxonomy":"tribe_events_cat","embeddable":true,"href":"https:\/\/www.baerenfunk.de\/index.php\/wp-json\/wp\/v2\/tribe_events_cat?post=1764"}],"curies":[{"name":"wp","href":"https:\/\/api.w.org\/{rel}","templated":true}]}}

<p>Endlich: Die Gaststätte des SV Linden 07 ist wieder geöffnet. Und Violetta freut sich auf uns und möchte gerne wieder Funkerplatten und anderes leckeres kochen. Und wir sehen uns mal wieder richtig!</p>
<p>Bitte meldet Euch an! Für Violetta ist es jetzt ganz schwierig die Essensmengen zu kalkulieren, deshalb: meldet Euch bis Sonntagabend an und schreibt Euren Essenswunsch mit in die Anmeldung. Nur so kann Violetta abschätzen was sie für uns einkaufen muss&#8230;</p>

<p>Endlich: Die Gaststätte des SV Linden 07 ist wieder geöffnet. Und Violetta freut sich auf uns und möchte gerne wieder Funkerplatten und anderes leckeres kochen. Und wir sehen uns mal &hellip; </p>
<p class="link-more"><a href="https://www.baerenfunk.de/index.php/event/endlich-ov-abend-bei-violetta/" class="more-link"><span class="screen-reader-text">„Endlich: OV-Abend bei Violetta“</span> weiterlesen</a></p>
