{"id":153,"date":"2018-09-15T21:02:34","date_gmt":"2018-09-15T19:02:34","guid":{"rendered":"http:\/\/www.baerenfunk.de\/?post_type=tribe_events&amp;p=153"},"modified":"2018-09-15T21:02:34","modified_gmt":"2018-09-15T19:02:34","slug":"ov-abend-mit-jahresrueckblick-und-abschlussessen","status":"publish","type":"tribe_events","link":"https:\/\/www.baerenfunk.de\/index.php\/event\/ov-abend-mit-jahresrueckblick-und-abschlussessen\/","title":{"rendered":"OV-Abend mit Jahresr\u00fcckblick und Abschlussessen"},"content":{"rendered":"<p>Unser traditioneller Jahresabschluss mit Gr\u00fcnkohlessen &#8230; oder \u00e1 la carte. Es gibt einen kurzen Jahresr\u00fcckblick in Bildern und nat\u00fcrlich einen Ausblick auf das neue Jahr.<\/p>\n","protected":false},"excerpt":{"rendered":"<p>Unser traditioneller Jahresabschluss mit Gr\u00fcnkohlessen &#8230; oder \u00e1 la carte. Es gibt einen kurzen Jahresr\u00fcckblick in Bildern und nat\u00fcrlich einen Ausblick auf das neue Jahr.<\/p>\n","protected":false},"author":1,"featured_media":0,"comment_status":"open","ping_status":"closed","template":"","meta":{"_tribe_events_status":"","_tribe_events_status_reason":""},"tags":[],"tribe_events_cat":[],"_links":{"self":[{"href":"https:\/\/www.baerenfunk.de\/index.php\/wp-json\/wp\/v2\/tribe_events\/153"}],"collection":[{"href":"https:\/\/www.baerenfunk.de\/index.php\/wp-json\/wp\/v2\/tribe_events"}],"about":[{"href":"https:\/\/www.baerenfunk.de\/index.php\/wp-json\/wp\/v2\/types\/tribe_events"}],"author":[{"embeddable":true,"href":"https:\/\/www.baerenfunk.de\/index.php\/wp-json\/wp\/v2\/users\/1"}],"replies":[{"embeddable":true,"href":"https:\/\/www.baerenfunk.de\/index.php\/wp-json\/wp\/v2\/comments?post=153"}],"version-history":[{"count":0,"href":"https:\/\/www.baerenfunk.de\/index.php\/wp-json\/wp\/v2\/tribe_events\/153\/revisions"}],"wp:attachment":[{"href":"https:\/\/www.baerenfunk.de\/index.php\/wp-json\/wp\/v2\/media?parent=153"}],"wp:term":[{"taxonomy":"post_tag","embeddable":true,"href":"https:\/\/www.baerenfunk.de\/index.php\/wp-json\/wp\/v2\/tags?post=153"},{"taxonomy":"tribe_events_cat","embeddable":true,"href":"https:\/\/www.baerenfunk.de\/index.php\/wp-json\/wp\/v2\/tribe_events_cat?post=153"}],"curies":[{"name":"wp","href":"https:\/\/api.w.org\/{rel}","templated":true}]}}

OV-Abend mit Jahresrückblick und Abschlussessen

<p>Unser traditioneller Jahresabschluss mit Grünkohlessen &#8230; oder á la carte. Es gibt einen kurzen Jahresrückblick in Bildern und natürlich einen Ausblick auf das neue Jahr.</p>
