{"id":795,"date":"2019-03-03T14:01:32","date_gmt":"2019-03-03T13:01:32","guid":{"rendered":"https:\/\/www.baerenfunk.de\/?page_id=795"},"modified":"2019-03-03T14:20:49","modified_gmt":"2019-03-03T13:20:49","slug":"db0tvh-c4fm-wires-x","status":"publish","type":"page","link":"https:\/\/www.baerenfunk.de\/index.php\/db0tvh-c4fm-wires-x\/","title":{"rendered":"DB0TVH (C4FM, WIRES-X)"},"content":{"rendered":"\n<p>Das C4FM-Relais DB0TVH ist via Hamnet an das WIRES-X Netz angebunden. Der Repeater <strong>DB0TVH-RPT<\/strong> befindet sich in der Regel im Raum <strong>DL-Hannover<\/strong>, kann aber von den Relais-Benutzern in andere R\u00e4ume verlegt werden. Bei Nichtbenutzung f\u00e4llt es nach ca. 15 Minuten zur\u00fcck in den Raum DL-Hannover.<br>Das Relais wird rein im C4FM-Modus betrieben. Es kann nicht direkt verbunden werden.<\/p>\n\n\n\n<p>Frequenz Downlink: 439.5875 MHz<br>Frequenz Uplink: 431.9875 MHz<\/p>\n\n\n\n<p>In den Raum DL-Hannover kann sich jeder mit seinem FT2D, FTM100DE, FTM400DE im Wires-X Direct Mode oder als Node verbinden.<\/p>\n\n\n\n<p>N\u00fctzliche Links zu Wires-X:<br><br>Karte der aktiven Repeater und Nodes: <br><a rel=\"noreferrer noopener\" aria-label=\"https:\/\/wiresx-map.radiosky.ch\/ (\u00f6ffnet in neuem Tab)\" href=\"https:\/\/wiresx-map.radiosky.ch\/\" target=\"_blank\">https:\/\/wiresx-map.radiosky.ch\/&nbsp;<\/a><\/p>\n\n\n\n<p>Wires-X ID-Liste:<br><a rel=\"noreferrer noopener\" aria-label=\"https:\/\/www.yaesu.com\/jp\/en\/wires-x\/id\/id_eu.php (\u00f6ffnet in neuem Tab)\" href=\"https:\/\/www.yaesu.com\/jp\/en\/wires-x\/id\/id_eu.php\" target=\"_blank\">https:\/\/www.yaesu.com\/jp\/en\/wires-x\/id\/id_eu.php<\/a><br><\/p>\n\n\n\n<p>Liste aktiver Nodes\/Stationen:<br><a href=\"https:\/\/www.yaesu.com\/jp\/en\/wires-x\/id\/active_node.php\" target=\"_blank\" rel=\"noreferrer noopener\" aria-label=\"https:\/\/www.yaesu.com\/jp\/en\/wires-x\/id\/active_node.php (\u00f6ffnet in neuem Tab)\">https:\/\/www.yaesu.com\/jp\/en\/wires-x\/id\/active_node.php<\/a><br><br><br><\/p>\n","protected":false},"excerpt":{"rendered":"<p>Das C4FM-Relais DB0TVH ist via Hamnet an das WIRES-X Netz angebunden. Der Repeater DB0TVH-RPT befindet sich in der Regel im Raum DL-Hannover, kann aber von den Relais-Benutzern in andere R\u00e4ume &hellip; <\/p>\n<p class=\"link-more\"><a href=\"https:\/\/www.baerenfunk.de\/index.php\/db0tvh-c4fm-wires-x\/\" class=\"more-link\"><span class=\"screen-reader-text\">\u201eDB0TVH (C4FM, WIRES-X)\u201c<\/span> weiterlesen<\/a><\/p>\n","protected":false},"author":1,"featured_media":0,"parent":0,"menu_order":0,"comment_status":"closed","ping_status":"closed","template":"","meta":{"footnotes":""},"_links":{"self":[{"href":"https:\/\/www.baerenfunk.de\/index.php\/wp-json\/wp\/v2\/pages\/795"}],"collection":[{"href":"https:\/\/www.baerenfunk.de\/index.php\/wp-json\/wp\/v2\/pages"}],"about":[{"href":"https:\/\/www.baerenfunk.de\/index.php\/wp-json\/wp\/v2\/types\/page"}],"author":[{"embeddable":true,"href":"https:\/\/www.baerenfunk.de\/index.php\/wp-json\/wp\/v2\/users\/1"}],"replies":[{"embeddable":true,"href":"https:\/\/www.baerenfunk.de\/index.php\/wp-json\/wp\/v2\/comments?post=795"}],"version-history":[{"count":4,"href":"https:\/\/www.baerenfunk.de\/index.php\/wp-json\/wp\/v2\/pages\/795\/revisions"}],"predecessor-version":[{"id":802,"href":"https:\/\/www.baerenfunk.de\/index.php\/wp-json\/wp\/v2\/pages\/795\/revisions\/802"}],"wp:attachment":[{"href":"https:\/\/www.baerenfunk.de\/index.php\/wp-json\/wp\/v2\/media?parent=795"}],"curies":[{"name":"wp","href":"https:\/\/api.w.org\/{rel}","templated":true}]}}