{"id":548,"date":"2019-01-07T22:17:28","date_gmt":"2019-01-07T21:17:28","guid":{"rendered":"https:\/\/www.baerenfunk.de\/?page_id=548"},"modified":"2019-01-07T22:26:44","modified_gmt":"2019-01-07T21:26:44","slug":"linksammlung","status":"publish","type":"page","link":"https:\/\/www.baerenfunk.de\/index.php\/linksammlung\/","title":{"rendered":"Amateur Radio Emergency Data Network"},"content":{"rendered":"\n<figure class=\"wp-block-image\"><img loading=\"lazy\" decoding=\"async\" width=\"295\" height=\"144\" src=\"https:\/\/www.baerenfunk.de\/wp-content\/uploads\/2019\/01\/aredn-final-logo_0.jpg\" alt=\"\" class=\"wp-image-550\"\/><\/figure>\n\n\n\n<p><strong>Amateur Radio Emergency Data Network\u00a0(AREDN)<\/strong><br>Dahinter verbirgt sich: OpenWrt eine bekannte Open Source Router-Software auf Linux-Basis. OpenWRT gibt es schon seit vielen Jahren und wird von einer sehr aktiven Community gepflegt und findet z.B. auch bei den Freifunkern Verwendung. <br>Mit der OenWRT Software k\u00f6nnen diverse Devices geflasht werden, so z.B. auch die f\u00fcr Hamnet verwendeten Ubiquitis. <br>Im AREDN ist sie die BASIS f\u00fcr den Aufbau eines MESH-Netzes.<br>Hier der Link zur amerikanischen Webseite des AREDN : <a rel=\"noreferrer noopener\" aria-label=\"https:\/\/www.arednmesh.org\/ (\u00f6ffnet in neuem Tab)\" href=\"https:\/\/www.arednmesh.org\/\" target=\"_blank\">https:\/\/www.arednmesh.org\/<\/a> <\/p>\n\n\n\n<p>In Deutschland findet man einige Informationen hierzu auf der Webseite von DL4FLY:  http:\/\/dl4fly.darc.de\/ <\/p>\n","protected":false},"excerpt":{"rendered":"<p>Amateur Radio Emergency Data Network\u00a0(AREDN)Dahinter verbirgt sich: OpenWrt eine bekannte Open Source Router-Software auf Linux-Basis. OpenWRT gibt es schon seit vielen Jahren und wird von einer sehr aktiven Community gepflegt &hellip; <\/p>\n<p class=\"link-more\"><a href=\"https:\/\/www.baerenfunk.de\/index.php\/linksammlung\/\" class=\"more-link\"><span class=\"screen-reader-text\">\u201eAmateur Radio Emergency Data Network\u201c<\/span> weiterlesen<\/a><\/p>\n","protected":false},"author":1,"featured_media":0,"parent":0,"menu_order":0,"comment_status":"closed","ping_status":"closed","template":"","meta":{"footnotes":""},"_links":{"self":[{"href":"https:\/\/www.baerenfunk.de\/index.php\/wp-json\/wp\/v2\/pages\/548"}],"collection":[{"href":"https:\/\/www.baerenfunk.de\/index.php\/wp-json\/wp\/v2\/pages"}],"about":[{"href":"https:\/\/www.baerenfunk.de\/index.php\/wp-json\/wp\/v2\/types\/page"}],"author":[{"embeddable":true,"href":"https:\/\/www.baerenfunk.de\/index.php\/wp-json\/wp\/v2\/users\/1"}],"replies":[{"embeddable":true,"href":"https:\/\/www.baerenfunk.de\/index.php\/wp-json\/wp\/v2\/comments?post=548"}],"version-history":[{"count":6,"href":"https:\/\/www.baerenfunk.de\/index.php\/wp-json\/wp\/v2\/pages\/548\/revisions"}],"predecessor-version":[{"id":556,"href":"https:\/\/www.baerenfunk.de\/index.php\/wp-json\/wp\/v2\/pages\/548\/revisions\/556"}],"wp:attachment":[{"href":"https:\/\/www.baerenfunk.de\/index.php\/wp-json\/wp\/v2\/media?parent=548"}],"curies":[{"name":"wp","href":"https:\/\/api.w.org\/{rel}","templated":true}]}}