{"id":368,"date":"2018-12-26T18:20:00","date_gmt":"2018-12-26T17:20:00","guid":{"rendered":"http:\/\/www.baerenfunk.de\/?page_id=368"},"modified":"2024-03-24T16:23:03","modified_gmt":"2024-03-24T15:23:03","slug":"impressum","status":"publish","type":"page","link":"https:\/\/www.baerenfunk.de\/index.php\/impressum\/","title":{"rendered":"Impressum"},"content":{"rendered":"\n<p>Alle auf diesen Internetseiten ver\u00f6ffentlichten Daten unterliegen eventuellen \u00c4nderungen.&nbsp;<br>Alle Angaben sind ohne Gew\u00e4hr.<\/p>\n\n\n\n<p>Haftungshinweis: Trotz sorgf\u00e4ltiger inhaltlicher Kontrolle \u00fcbernehmen wir keine Haftung f\u00fcr die Inhalte externer Links. F\u00fcr den Inhalt der verlinkten Seiten sind ausschlie\u00dflich deren Betreiber verantwortlich.<\/p>\n\n\n\n<p><\/p>\n\n\n\n<p>OVV DARC H48 <br>Roland Schaeling<br>DF1OE<br>df1oe(at)darc.de<br>Nienburger Str. 47<br>31535 Neustadt a. Rbge.<br>\u00a0<br>Inhaltlich Verantwortlicher gem\u00e4\u00df 6 MDStV:<\/p>\n\n\n\n<p>Roland Schaeling\u00a0<br>DF1OE <br>df1oe(at)live.de<br>Tel.: 0171 \/ 6404122<br>Nienburger Str. 47<br>31535 Neustadt a. Rbge.<\/p>\n","protected":false},"excerpt":{"rendered":"<p>Alle auf diesen Internetseiten ver\u00f6ffentlichten Daten unterliegen eventuellen \u00c4nderungen.&nbsp;Alle Angaben sind ohne Gew\u00e4hr. Haftungshinweis: Trotz sorgf\u00e4ltiger inhaltlicher Kontrolle \u00fcbernehmen wir keine Haftung f\u00fcr die Inhalte externer Links. F\u00fcr den Inhalt &hellip; <\/p>\n<p class=\"link-more\"><a href=\"https:\/\/www.baerenfunk.de\/index.php\/impressum\/\" class=\"more-link\"><span class=\"screen-reader-text\">\u201eImpressum\u201c<\/span> weiterlesen<\/a><\/p>\n","protected":false},"author":1,"featured_media":0,"parent":0,"menu_order":0,"comment_status":"closed","ping_status":"closed","template":"","meta":{"footnotes":""},"_links":{"self":[{"href":"https:\/\/www.baerenfunk.de\/index.php\/wp-json\/wp\/v2\/pages\/368"}],"collection":[{"href":"https:\/\/www.baerenfunk.de\/index.php\/wp-json\/wp\/v2\/pages"}],"about":[{"href":"https:\/\/www.baerenfunk.de\/index.php\/wp-json\/wp\/v2\/types\/page"}],"author":[{"embeddable":true,"href":"https:\/\/www.baerenfunk.de\/index.php\/wp-json\/wp\/v2\/users\/1"}],"replies":[{"embeddable":true,"href":"https:\/\/www.baerenfunk.de\/index.php\/wp-json\/wp\/v2\/comments?post=368"}],"version-history":[{"count":5,"href":"https:\/\/www.baerenfunk.de\/index.php\/wp-json\/wp\/v2\/pages\/368\/revisions"}],"predecessor-version":[{"id":2573,"href":"https:\/\/www.baerenfunk.de\/index.php\/wp-json\/wp\/v2\/pages\/368\/revisions\/2573"}],"wp:attachment":[{"href":"https:\/\/www.baerenfunk.de\/index.php\/wp-json\/wp\/v2\/media?parent=368"}],"curies":[{"name":"wp","href":"https:\/\/api.w.org\/{rel}","templated":true}]}}