{"id":353,"date":"2018-12-26T12:01:03","date_gmt":"2018-12-26T11:01:03","guid":{"rendered":"http:\/\/www.baerenfunk.de\/?page_id=353"},"modified":"2023-08-13T20:39:37","modified_gmt":"2023-08-13T19:39:37","slug":"rundsprueche","status":"publish","type":"page","link":"https:\/\/www.baerenfunk.de\/index.php\/rundsprueche\/","title":{"rendered":"Rundspr\u00fcche"},"content":{"rendered":"\n<p>Neuigkeiten aus der Welt des Amateurfunks und der Funktechnik werden von uns regelm\u00e4\u00dfig in Rundspr\u00fcchen auf den Amateurfunkb\u00e4ndern abgestrahlt.<\/p>\n\n\n\n<p>In Hannover werden die Rundspr\u00fcche Sonntags um 10:30 Uhr von DL0HV auf den folgenden Frequenzen abgestrahlt:<\/p>\n\n\n\n<p>DB0FUS, 439.200 MHz (Ausgabe), 145.275 MHz simplex FM, 28.780 MHz in&nbsp;SSB, in ATV \u00fcber DB0TVH, in Bad Pyrmont \u00fcber DB0BPY auf 438.750 MHz (Ausgabe).<\/p>\n\n\n\n<p><a href=\"https:\/\/www.darc.de\/nachrichten\/deutschland-rundspruch\/\" target=\"_blank\" rel=\"noreferrer noopener\">Deutschlandrundspruch des DARC e.V.<\/a>&nbsp;(erscheint jeweils Donnerstagsabends)<\/p>\n\n\n\n<p><a href=\"http:\/\/www.darc.de\/distrikte\/h\/rundspruch\/\" target=\"_blank\" rel=\"noreferrer noopener\">Niedersachsenrundspruch des Distriktes Niedersachsen<\/a>&nbsp;im DARC e.V. (erscheint ebenfalls jeweils Donnerstags)<\/p>\n\n\n\n<p><a href=\"https:\/\/www.amateurfunk-hannover.de\/Rundspruch\" target=\"_blank\" rel=\"noreferrer noopener\">Lokalrundspruch f\u00fcr die Region Hannover abgestrahlt von DL0HV<\/a>\u00a0 <br>(erscheint Sonntags)<\/p>\n","protected":false},"excerpt":{"rendered":"<p>Neuigkeiten aus der Welt des Amateurfunks und der Funktechnik werden von uns regelm\u00e4\u00dfig in Rundspr\u00fcchen auf den Amateurfunkb\u00e4ndern abgestrahlt. In Hannover werden die Rundspr\u00fcche Sonntags um 10:30 Uhr von DL0HV &hellip; <\/p>\n<p class=\"link-more\"><a href=\"https:\/\/www.baerenfunk.de\/index.php\/rundsprueche\/\" class=\"more-link\"><span class=\"screen-reader-text\">\u201eRundspr\u00fcche\u201c<\/span> weiterlesen<\/a><\/p>\n","protected":false},"author":1,"featured_media":0,"parent":0,"menu_order":0,"comment_status":"closed","ping_status":"closed","template":"","meta":{"footnotes":""},"_links":{"self":[{"href":"https:\/\/www.baerenfunk.de\/index.php\/wp-json\/wp\/v2\/pages\/353"}],"collection":[{"href":"https:\/\/www.baerenfunk.de\/index.php\/wp-json\/wp\/v2\/pages"}],"about":[{"href":"https:\/\/www.baerenfunk.de\/index.php\/wp-json\/wp\/v2\/types\/page"}],"author":[{"embeddable":true,"href":"https:\/\/www.baerenfunk.de\/index.php\/wp-json\/wp\/v2\/users\/1"}],"replies":[{"embeddable":true,"href":"https:\/\/www.baerenfunk.de\/index.php\/wp-json\/wp\/v2\/comments?post=353"}],"version-history":[{"count":6,"href":"https:\/\/www.baerenfunk.de\/index.php\/wp-json\/wp\/v2\/pages\/353\/revisions"}],"predecessor-version":[{"id":2292,"href":"https:\/\/www.baerenfunk.de\/index.php\/wp-json\/wp\/v2\/pages\/353\/revisions\/2292"}],"wp:attachment":[{"href":"https:\/\/www.baerenfunk.de\/index.php\/wp-json\/wp\/v2\/media?parent=353"}],"curies":[{"name":"wp","href":"https:\/\/api.w.org\/{rel}","templated":true}]}}